{"id":56,"date":"2018-09-10T14:41:20","date_gmt":"2018-09-10T14:41:20","guid":{"rendered":"https:\/\/improva.de\/?page_id=56"},"modified":"2018-09-28T09:14:51","modified_gmt":"2018-09-28T09:14:51","slug":"improva-gmbh","status":"publish","type":"page","link":"https:\/\/improva.de\/index.php\/improva-gmbh\/","title":{"rendered":"Improva GmbH"},"content":{"rendered":"<p>Die Anforderungen an Beratungsdienstleistung in Finanz- und Versicherungsfragen werden zunehmend komplexer und nehmen an Bedeutung zu. Die staatlichen Vorsorgesysteme werden aufgrund wirtschaftlicher und demografischer Probleme zunehmend unrentabler. D.h. das Versorgungsniveau sinkt, obwohl der materielle Aufwand steigt. Desto mehr sich der Staat aus der Verantwortung zur Versorgung der B\u00fcrger zur\u00fcckzieht, umso mehr Eigenvorsorge ist notwendig, um den Lebensstandard heute und im Alter zu halten. Effektive, kompetente und langfristig begleitende Beratung durch Experten ist notwendig. So geht es heute um die Absicherung der f\u00fcr Sie existenziell bedrohlichen Risiken und den Einsatz Ihrer freien Geldmittel, um auch morgen beruhigt von Ihrem Ersparten zu leben.<\/p>\n<p>Beispielhaft geht es darum, ob Sie nach einer schweren Krankheit oder Unfall zum Sozialhilfefall werden, oder die finanziellen Mittel f\u00fcr eine Krankenbehandlung durch Experten und Verdienstausfall zur Verf\u00fcgung haben. Oder ob aus Ihren Sparraten ein kleines oder ein gro\u00dfes Verm\u00f6gen wird bzw. ob es \u00fcberhaupt ein Verm\u00f6gen wird. Genau genommen ist es bis auf wenige Ausnahmen unm\u00f6glich, allumfassend vorzusorgen, da das Geld daf\u00fcr einfach nicht ausreicht. Gerade deshalb ist der zielgerichtete und effektive Einsatz Ihrer vorhandenen Geldmittel wichtig. F\u00fcr uns bedeutet das, zun\u00e4chst die <strong>existenzbedrohenden Risiken<\/strong> mit Ihnen zu <strong>ermitteln<\/strong>, f\u00fcr deren <strong>Absicherung<\/strong> so <strong>wenig<\/strong> wie m\u00f6glich <strong>Geld auszugeben<\/strong> und das verbleibende <strong>Geld<\/strong> so <strong>sicher und ertragreich<\/strong> wie m\u00f6glich <strong>anzulegen<\/strong>. Die Auswahl und Verteilung auf die richtigen Anlageformen hat hier immense Bedeutung. Eine wirklich gute Beratung erfordert aus unserer Sicht umfassendes Wissen und langj\u00e4hrige Erfahrung. Nur so ist die sinnvolle Auswahl aus allen m\u00f6glichen Versicherungs- und Anlageformen m\u00f6glich.<\/p>\n<p>Die Gesch\u00e4ftsf\u00fchrung der Improva GmbH ist seit 1990, die Mitarbeiter langj\u00e4hrig in der Finanz- und Versicherungsvermittlung t\u00e4tig. Der Schwerpunkt liegt in der Erstellung, Beratung und Vermittlung von\u00a0 Vorsorgekonzeptionen f\u00fcr Privat- und Gesch\u00e4ftskunden. 2004 wurde die Improva GmbH gegr\u00fcndet. Gern beraten wir Sie in Ihren oder unseren R\u00e4umen. Eine weitere M\u00f6glichkeit der umfassenden Information ist die Multimediaberatung. Sie ben\u00f6tigen lediglich Internet- und Telefonanschluss. Diesen Beratungsservice bieten wir bundesweit an.<\/p>\n<p>Und so gehen wir vor, um Sie als Kunden gewinnen und eine langfristige Zusammenarbeit zu gew\u00e4hrleisten:<\/p>\n<ul>\n<li>Ermittlung Ihrer Risiken und Versorgungsziele<\/li>\n<li>Erfassung Ihrer vorhandenen Absicherung und Ma\u00dfnahmen zum Erreichen der gew\u00fcnschten Versorgung.<\/li>\n<li>Pr\u00fcfung des Erf\u00fcllungsgrades von vorhandenen Ma\u00dfnahmen zu Zielen<\/li>\n<li>Zusammenstellung von Ma\u00dfnahmen zur Schlie\u00dfung von Versorgungsl\u00fccken<\/li>\n<li>Umfassende Beratung und Erl\u00e4uterung der empfohlenen Ma\u00dfnahmen.<\/li>\n<li>Kontinuierliche Begleitung Ihrer Person und Ihrer Familienmitglieder bzw. Ihres Unternehmens und in allen gew\u00fcnschten Bereichen der privaten und betrieblichen Vorsorge.<\/li>\n<\/ul>\n\n\n<p><\/p>\n","protected":false},"excerpt":{"rendered":"<p>Die Anforderungen an Beratungsdienstleistung in Finanz- und Versicherungsfragen werden zunehmend komplexer und nehmen an Bedeutung zu. Die staatlichen Vorsorgesysteme werden aufgrund wirtschaftlicher und demografischer Probleme zunehmend unrentabler. D.h. das Versorgungsniveau sinkt, obwohl der materielle Aufwand steigt. Desto mehr sich der Staat aus der Verantwortung zur Versorgung der B\u00fcrger zur\u00fcckzieht, umso mehr Eigenvorsorge ist notwendig, um &hellip; <\/p>\n<p class=\"link-more\"><a href=\"https:\/\/improva.de\/index.php\/improva-gmbh\/\" class=\"more-link\"><span class=\"screen-reader-text\">\u201eImprova GmbH\u201c <\/span>weiterlesen<\/a><\/p>\n","protected":false},"author":1,"featured_media":0,"parent":0,"menu_order":0,"comment_status":"closed","ping_status":"closed","template":"","meta":{"_glsr_average":0,"_glsr_ranking":0,"_glsr_reviews":0,"_vp_format_video_url":"","_vp_image_focal_point":[],"footnotes":""},"class_list":["post-56","page","type-page","status-publish","hentry"],"_links":{"self":[{"href":"https:\/\/improva.de\/index.php\/wp-json\/wp\/v2\/pages\/56","targetHints":{"allow":["GET"]}}],"collection":[{"href":"https:\/\/improva.de\/index.php\/wp-json\/wp\/v2\/pages"}],"about":[{"href":"https:\/\/improva.de\/index.php\/wp-json\/wp\/v2\/types\/page"}],"author":[{"embeddable":true,"href":"https:\/\/improva.de\/index.php\/wp-json\/wp\/v2\/users\/1"}],"replies":[{"embeddable":true,"href":"https:\/\/improva.de\/index.php\/wp-json\/wp\/v2\/comments?post=56"}],"version-history":[{"count":5,"href":"https:\/\/improva.de\/index.php\/wp-json\/wp\/v2\/pages\/56\/revisions"}],"predecessor-version":[{"id":647,"href":"https:\/\/improva.de\/index.php\/wp-json\/wp\/v2\/pages\/56\/revisions\/647"}],"wp:attachment":[{"href":"https:\/\/improva.de\/index.php\/wp-json\/wp\/v2\/media?parent=56"}],"curies":[{"name":"wp","href":"https:\/\/api.w.org\/{rel}","templated":true}]}}